of 133048?
2, 16631
What are the prime factors of 3440412?
2, 3, 227, 421
What are the prime factors of 2387426?
2, 19, 62827
List the prime factors of 646206.
2, 3, 11, 9791
List the prime factors of 18993678.
2, 3, 11, 287783
What are the prime factors of 559265?
5, 7, 19, 29
What are the prime factors of 416930?
2, 5, 173, 241
What are the prime factors of 31664?
2, 1979
List the prime factors of 2680080.
2, 3, 5, 13, 859
List the prime factors of 1165895.
5, 251, 929
List the prime factors of 60052.
2, 15013
What are the prime factors of 20300998?
2, 163, 62273
List the prime factors of 3661496.
2, 457687
List the prime factors of 8199015.
3, 5, 11, 17, 37, 79
List the prime factors of 218144.
2, 17, 401
What are the prime factors of 9193989?
3, 7, 437809
What are the prime factors of 520229?
673, 773
List the prime factors of 17673705.
3, 5, 7, 19, 2953
What are the prime factors of 3197814?
2, 3, 19, 28051
List the prime factors of 117446.
2, 7, 8389
List the prime factors of 8430624.
2, 3, 73, 401
List the prime factors of 2558345.
5, 511669
List the prime factors of 1126164.
2, 3, 13, 7219
List the prime factors of 2875399.
521, 5519
What are the prime factors of 225809?
225809
List the prime factors of 2167568.
2, 13, 17, 613
What are the prime factors of 27802395?
3, 5, 17, 36343
What are the prime factors of 30931?
30931
What are the prime factors of 3828131?
37, 157, 659
What are the prime factors of 1415650?
2, 5, 23, 1231
What are the prime factors of 2006276?
2, 83, 6043
List the prime factors of 978323.
978323
List the prime factors of 8763710.
2, 5, 876371
What are the prime factors of 8634724?
2, 7, 308383
What are the prime factors of 13095934?
2, 6547967
What are the prime factors of 26023968?
2, 3, 109, 829
What are the prime factors of 1499183?
7, 79, 2711
List the prime factors of 668618.
2, 197, 1697
What are the prime factors of 559125?
3, 5, 7, 71
List the prime factors of 618788.
2, 37, 113
List the prime factors of 1285345.
5, 257069
List the prime factors of 1464473.
47, 31159
What are the prime factors of 26957534?
2, 37, 364291
List the prime factors of 2815150.
2, 5, 13, 61, 71
List the prime factors of 1914685.
5, 569, 673
What are the prime factors of 1871759?
89, 21031
What are the prime factors of 30147679?
30147679
What are the prime factors of 1307408?
2, 41, 1993
List the prime factors of 17701151.
13, 941, 1447
What are the prime factors of 955898?
2, 29, 16481
What are the prime factors of 2592333?
3, 113, 2549
List the prime factors of 60261.
3, 53, 379
What are the prime factors of 1206281?
23, 179, 293
List the prime factors of 196606.
2, 197, 499
List the prime factors of 12553707.
3, 4184569
What are the prime factors of 58275?
3, 5, 7, 37
What are the prime factors of 318562?
2, 149, 1069
What are the prime factors of 289926?
2, 3, 7, 13, 59
List the prime factors of 9868840.
2, 5, 17, 23, 631
What are the prime factors of 2246825?
5, 7, 37, 347
What are the prime factors of 463539?
3, 17, 61, 149
What are the prime factors of 19160?
2, 5, 479
List the prime factors of 146254.
2, 73127
What are the prime factors of 25958489?
61, 425549
What are the prime factors of 250003?
13, 19231
What are the prime factors of 164767?
164767
What are the prime factors of 107557?
59, 1823
List the prime factors of 11668764.
2, 3, 37, 41, 641
List the prime factors of 2650647.
3, 883549
List the prime factors of 344605.
5, 41
List the prime factors of 537885.
3, 5, 11953
List the prime factors of 341658.
2, 3, 19, 37
List the prime factors of 8975481.
3, 107, 27961
List the prime factors of 5949031.
11, 17, 29, 1097
List the prime factors of 31056074.
2, 7, 601, 3691
What are the prime factors of 322554?
2, 3, 53759
List the prime factors of 770023.
173, 4451
What are the prime factors of 874165?
5, 359, 487
List the prime factors of 2485039.
29, 85691
What are the prime factors of 8289239?
7, 43, 27539
What are the prime factors of 965026?
2, 482513
List the prime factors of 148122.
2, 3, 13, 211
List the prime factors of 955853.
955853
What are the prime factors of 68922?
2, 3, 7, 547
List the prime factors of 1559707.
29, 53783
List the prime factors of 344566.
2, 172283
What are the prime factors of 278330?
2, 5, 13, 2141
List the prime factors of 6296826.
2, 3, 1049471
What are the prime factors of 1710842?
2, 7, 122203
What are the prime factors of 1837465?
5, 7, 47, 1117
What are the prime factors of 3399552?
2, 3, 13, 227
What are the prime factors of 136678?
2, 37, 1847
List the prime factors of 54063.
3, 6007
List the prime factors of 2509934.
2, 7, 179281
What are the prime factors of 2940495?
3, 5, 196033
What are the prime factors of 11371923?
3, 1263547
List the prime factors of 9947669.
17, 34421
What are the prime factors of 429904?
2, 97, 277
What are the prime factors of 3763917?
3, 113, 3701
What are the prime factors of 2401293?
3, 167, 4793
List the prime factors of 32209728.
2, 3, 167759
List the prime factors of 6876337.
13, 547, 967
List the prime factors of 225856.
2, 3529
What are the prime factors of 2781656?
2, 347707
List the prime factors of 19692825.
3, 5, 139, 1889
What are the prime factors of 256299?
3, 37, 2309
What are the prime factors of 2847126?
2, 3, 17, 103, 271
What are the prime factors of 401247?
3, 7, 11, 193
List the prime factors of 3476748.
2, 3, 11, 26339
List the prime factors of 2841518.
2, 97, 151
List the prime factors of 184372.
2, 46093
What are the prime factors of 57979?
37, 1567
What are the prime factors of 198274?
2, 99137
What are the prime factors of 7096106?
2, 17, 12277
What are the prime factors of 7761186?
2, 3, 541, 797
What are the prime factors of 130272?
2, 3, 23, 59
What are the prime factors of 182732?
2, 11, 4153
List the prime factors of 156846.
2, 3, 26141
What are the prime factors of 292446?
2, 3, 7, 11, 211
What are the prime factors of 9799407?
3, 362941
List the prime factors of 14044655.
5, 59, 47609
What are the prime factors of 2530036?
2, 61, 10369
List the prime factors of 1226622.
2, 3, 204437
What are the prime factors of 3106273?
3106273
What are the prime factors of 538078?
2, 269039
List the prime factors of 564178.
2, 282089
What are the prime factors of 1876756?
2, 7, 97, 691
List the prime factors of 23765086.
2, 19, 625397
What are the prime factors of 19105580?
2, 5, 13, 73483
List the prime factors of 1972601.
947, 2083
What are the prime factors of 3168232?
2, 396029
List the prime factors of 1350526.
2, 675263
What are the prime factors of 20846369?
17, 1226257
What are the prime factors of 3384654?
2, 3, 7, 13, 6199
List the prime factors of 13776573.
3, 79, 58129
List the prime factors of 1926295.
5, 7, 47, 1171
What are the prime factors of 4930343?
11, 397, 1129
List the prime factors of 5731448.
2, 17, 37, 67
What are the prime factors of 12086709?
3, 83, 48541
List the prime factors of 196185.
3, 5, 11, 29, 41
What are the prime factors of 120440?
2, 5, 3011
List the prime factors of 5612916.
2, 3, 467743
What are the prime factors of 11450740?
2, 5, 7, 89, 919
List the prime factors of 31503.
3, 10501
List the prime factors of 83699.
7, 11, 1087
List the prime factors of 643756.
2, 17, 9467
List the prime factors of 4862801.
373, 13037
What are the prime factors of 55631?
55631
What are the prime factors of 287843?
53, 5431
What are the prime factors of 1277307?
3, 347, 409
What are the prime factors of 1582342?
2, 37, 21383
What are the prime factors of 699221?
699221
List the prime factors of 148385.
5, 59, 503
What are the prime factors of 103568?
2, 6473
What are the prime factors of 2430729?
3, 7, 1429
List the prime factors of 4402927.
19, 97, 2389
List the prime factors of 4052011.
47, 73, 1181
List the prime factors of 726010.
2, 5, 79, 919
List the prime factors of 817194.
2, 3, 7, 19457
What are the prime factors of 1046140?
2, 5, 19, 2753
List the prime factors of 15049797.
3, 7, 23, 31159
List the prime factors of 2553564.
2, 3, 13, 16369
List the prime factors of 8728454.
2, 7, 23, 27107
What are the prime factors of 8523337?
71, 120047
List the prime factors of 24175642.
2, 61, 71, 2791
What are the prime factors of 1195918?
2, 31, 19289
List the prime factors of 251947.
251947
What are the p